{"id":73,"date":"2025-05-31T11:03:50","date_gmt":"2025-05-31T09:03:50","guid":{"rendered":"https:\/\/danvy.com\/?page_id=73"},"modified":"2026-03-27T18:48:30","modified_gmt":"2026-03-27T17:48:30","slug":"a-propos-de-nous","status":"publish","type":"page","link":"https:\/\/danvy.com\/?page_id=73","title":{"rendered":"A propos de nous"},"content":{"rendered":"\t\t<div data-elementor-type=\"wp-page\" data-elementor-id=\"73\" class=\"elementor elementor-73\">\n\t\t\t\t<div class=\"elementor-element elementor-element-70b04da e-flex e-con-boxed e-con e-parent\" data-id=\"70b04da\" data-element_type=\"container\" data-e-type=\"container\">\n\t\t\t\t\t<div class=\"e-con-inner\">\n\t\t\t\t<div class=\"elementor-element elementor-element-e18782d elementor-widget elementor-widget-text-editor\" data-id=\"e18782d\" data-element_type=\"widget\" data-e-type=\"widget\" data-widget_type=\"text-editor.default\">\n\t\t\t\t<div class=\"elementor-widget-container\">\n\t\t\t\t\t\t\t\t\t<p><span style=\"font-size: 10.5pt; font-family: 'Arial',sans-serif;\">Je m&rsquo;appelle Jean-Philippe <strong>Danvy<\/strong> et je mets \u00e0 profit plus de<strong> 30 ans d&rsquo;exp\u00e9rience<\/strong> dans les m\u00e9tiers de la domotique et de l\u2019installation d\u2019\u00e9quipements solaires. Apr\u00e8s avoir rencontr\u00e9 des probl\u00e8mes pour faire \u00e9voluer mon installation solaire avec les solutions de stockage du march\u00e9, j&rsquo;ai choisi d&rsquo;int\u00e9grer un groupement d&rsquo;achat. Par la suite, j&rsquo;ai d\u00e9cid\u00e9 de<strong> cr\u00e9er mon propre groupe d&rsquo;achat<\/strong> pour partager ma solution. Je voulais des produits techniques haut de gamme, choisis avant tout pour leur performance et leur long\u00e9vit\u00e9 d\u2019utilisation. Le hasard de la vie m\u2019a fait rencontrer le propri\u00e9taire d\u2019une<strong> usine de fabrication<\/strong> sp\u00e9cialis\u00e9e dans les batteries (<strong>Exliporc<\/strong>). Je lui ai propos\u00e9 de me fabriquer de <strong>petites quantit\u00e9s<\/strong> de batteries <strong>sur mesure<\/strong>\u202f: un partenariat est n\u00e9. <strong>Notre groupement d\u2019achat<\/strong> peut ainsi s\u2019appuyer sereinement sur un vrai professionnel.<\/span><\/p><p><span style=\"font-size: 10.5pt; font-family: 'Arial',sans-serif;\"><strong>Notre mission :<\/strong> proposer des produits de haute technologie, fiables et accessibles, gr\u00e2ce \u00e0 un mod\u00e8le de <strong>vente directe<\/strong>, de l\u2019assembleur \u00e0 l\u2019utilisateur final, <strong>sans interm\u00e9diaires superflus<\/strong>. Nous s\u00e9lectionnons <strong>rigoureusement chaque composant<\/strong> \u2014 cellules lithium grade A, BMS intelligents, \u00e9crans de contr\u00f4le, caissons renforc\u00e9s, syst\u00e8mes de s\u00e9curit\u00e9 actifs et passifs \u2014 aupr\u00e8s de notre partenaire Exliporc reconnu pour son s\u00e9rieux industriel, sa ma\u00eetrise technique et sa rigueur de <strong>fabrication depuis 13 ans.<br \/><\/strong>Nous sommes distributeurs des produits du fabricant <strong>Exliporc<\/strong> pour la France. La fabrication de nos produits est r\u00e9alis\u00e9e dans ses ateliers, suivant <strong>nos cahiers des charges.<br \/><\/strong><\/span><\/p><p><span style=\"font-size: 10.5pt; font-family: 'Arial',sans-serif;\">Les \u00e9quipements sont ensuite configur\u00e9s, test\u00e9s et adapt\u00e9s pour s\u2019int\u00e9grer parfaitement aux standards d\u2019utilisation fran\u00e7ais : compatibilit\u00e9 avec les onduleurs du march\u00e9 (Victron, Growatt, Deye\u2026), ergonomie simplifi\u00e9e, documentation claire et service apr\u00e8s-vente accessible.<\/span><\/p><p><span style=\"font-size: 10.5pt; font-family: 'Arial',sans-serif;\"><strong>Notre objectif est clair<\/strong> : fournir des solutions durables, performantes, faciles \u00e0 prendre en main et rentables \u00e0 long terme, aussi bien pour les particuliers que pour les professionnels.<\/span><\/p><p style=\"font-variant-ligatures: normal; font-variant-caps: normal; font-family: Roboto, sans-serif; font-size: 14px; font-style: normal; font-weight: 400;\" data-start=\"1442\" data-end=\"1646\">DJP\u00a0 \u00a0 \u00a0 \u00a0 \u00a0 \u00a0<\/p>\t\t\t\t\t\t\t\t<\/div>\n\t\t\t\t<\/div>\n\t\t\t\t\t<\/div>\n\t\t\t\t<\/div>\n\t\t<div class=\"elementor-element elementor-element-9741b92 e-flex e-con-boxed e-con e-parent\" data-id=\"9741b92\" data-element_type=\"container\" data-e-type=\"container\">\n\t\t\t\t\t<div class=\"e-con-inner\">\n\t\t\t\t<div class=\"elementor-element elementor-element-5ba54ec elementor-widget elementor-widget-image\" data-id=\"5ba54ec\" data-element_type=\"widget\" data-e-type=\"widget\" data-widget_type=\"image.default\">\n\t\t\t\t<div class=\"elementor-widget-container\">\n\t\t\t\t\t\t\t\t\t\t\t\t\t\t\t<img decoding=\"async\" width=\"150\" height=\"113\" src=\"https:\/\/danvy.com\/wp-content\/uploads\/2026\/03\/Stock-1.jpeg\" class=\"attachment-thumbnail size-thumbnail wp-image-350\" alt=\"\" \/>\t\t\t\t\t\t\t\t\t\t\t\t\t\t\t<\/div>\n\t\t\t\t<\/div>\n\t\t\t\t<div class=\"elementor-element elementor-element-388670d elementor-widget elementor-widget-image\" data-id=\"388670d\" data-element_type=\"widget\" data-e-type=\"widget\" data-widget_type=\"image.default\">\n\t\t\t\t<div class=\"elementor-widget-container\">\n\t\t\t\t\t\t\t\t\t\t\t\t\t\t\t<img decoding=\"async\" width=\"150\" height=\"113\" src=\"https:\/\/danvy.com\/wp-content\/uploads\/2026\/03\/Stock.jpeg\" class=\"attachment-thumbnail size-thumbnail wp-image-357\" alt=\"\" \/>\t\t\t\t\t\t\t\t\t\t\t\t\t\t\t<\/div>\n\t\t\t\t<\/div>\n\t\t\t\t<div class=\"elementor-element elementor-element-49fb2ce elementor-widget elementor-widget-image\" data-id=\"49fb2ce\" data-element_type=\"widget\" data-e-type=\"widget\" data-widget_type=\"image.default\">\n\t\t\t\t<div class=\"elementor-widget-container\">\n\t\t\t\t\t\t\t\t\t\t\t\t\t\t\t<img decoding=\"async\" width=\"150\" height=\"113\" src=\"https:\/\/danvy.com\/wp-content\/uploads\/2026\/03\/Package-3.jpeg\" class=\"attachment-thumbnail size-thumbnail wp-image-356\" alt=\"\" \/>\t\t\t\t\t\t\t\t\t\t\t\t\t\t\t<\/div>\n\t\t\t\t<\/div>\n\t\t\t\t<div class=\"elementor-element elementor-element-c05eae4 elementor-widget elementor-widget-image\" data-id=\"c05eae4\" data-element_type=\"widget\" data-e-type=\"widget\" data-widget_type=\"image.default\">\n\t\t\t\t<div class=\"elementor-widget-container\">\n\t\t\t\t\t\t\t\t\t\t\t\t\t\t\t<img loading=\"lazy\" decoding=\"async\" width=\"150\" height=\"119\" src=\"https:\/\/danvy.com\/wp-content\/uploads\/2025\/06\/Distributeur-Exliporc-200.jpg\" class=\"attachment-thumbnail size-thumbnail wp-image-201\" alt=\"\" \/>\t\t\t\t\t\t\t\t\t\t\t\t\t\t\t<\/div>\n\t\t\t\t<\/div>\n\t\t\t\t\t<\/div>\n\t\t\t\t<\/div>\n\t\t<div class=\"elementor-element elementor-element-1246b68 e-flex e-con-boxed e-con e-parent\" data-id=\"1246b68\" data-element_type=\"container\" data-e-type=\"container\">\n\t\t\t\t\t<div class=\"e-con-inner\">\n\t\t\t\t\t<\/div>\n\t\t\t\t<\/div>\n\t\t\t\t<\/div>\n\t\t","protected":false},"excerpt":{"rendered":"<p>Je m&rsquo;appelle Jean-Philippe Danvy et je mets \u00e0 profit plus de 30 ans d&rsquo;exp\u00e9rience dans les m\u00e9tiers de la domotique et de l\u2019installation d\u2019\u00e9quipements solaires. Apr\u00e8s avoir rencontr\u00e9 des probl\u00e8mes pour faire \u00e9voluer mon installation solaire avec les solutions de stockage du march\u00e9, j&rsquo;ai choisi d&rsquo;int\u00e9grer un groupement d&rsquo;achat. Par la suite, j&rsquo;ai d\u00e9cid\u00e9 de [&hellip;]<\/p>\n","protected":false},"author":1,"featured_media":0,"parent":0,"menu_order":0,"comment_status":"closed","ping_status":"closed","template":"","meta":{"_coblocks_attr":"","_coblocks_dimensions":"","_coblocks_responsive_height":"","_coblocks_accordion_ie_support":"","footnotes":""},"class_list":["post-73","page","type-page","status-publish","hentry","entry"],"yoast_head":"<!-- This site is optimized with the Yoast SEO plugin v27.4 - https:\/\/yoast.com\/product\/yoast-seo-wordpress\/ -->\n<title>A propos de nous - Danvy Energy<\/title>\n<meta name=\"robots\" content=\"index, follow, max-snippet:-1, max-image-preview:large, max-video-preview:-1\" \/>\n<link rel=\"canonical\" href=\"https:\/\/danvy.com\/?page_id=73\" \/>\n<meta property=\"og:locale\" content=\"fr_FR\" \/>\n<meta property=\"og:type\" content=\"article\" \/>\n<meta property=\"og:title\" content=\"A propos de nous - Danvy Energy\" \/>\n<meta property=\"og:description\" content=\"Je m&rsquo;appelle Jean-Philippe Danvy et je mets \u00e0 profit plus de 30 ans d&rsquo;exp\u00e9rience dans les m\u00e9tiers de la domotique et de l\u2019installation d\u2019\u00e9quipements solaires. Apr\u00e8s avoir rencontr\u00e9 des probl\u00e8mes pour faire \u00e9voluer mon installation solaire avec les solutions de stockage du march\u00e9, j&rsquo;ai choisi d&rsquo;int\u00e9grer un groupement d&rsquo;achat. Par la suite, j&rsquo;ai d\u00e9cid\u00e9 de [&hellip;]\" \/>\n<meta property=\"og:url\" content=\"https:\/\/danvy.com\/?page_id=73\" \/>\n<meta property=\"og:site_name\" content=\"Danvy Energy\" \/>\n<meta property=\"article:modified_time\" content=\"2026-03-27T17:48:30+00:00\" \/>\n<meta property=\"og:image\" content=\"http:\/\/danvy.com\/wp-content\/uploads\/2026\/03\/Stock-1.jpeg\" \/>\n<meta name=\"twitter:card\" content=\"summary_large_image\" \/>\n<meta name=\"twitter:label1\" content=\"Dur\u00e9e de lecture estim\u00e9e\" \/>\n\t<meta name=\"twitter:data1\" content=\"2 minutes\" \/>\n<script type=\"application\/ld+json\" class=\"yoast-schema-graph\">{\"@context\":\"https:\\\/\\\/schema.org\",\"@graph\":[{\"@type\":\"WebPage\",\"@id\":\"https:\\\/\\\/danvy.com\\\/?page_id=73\",\"url\":\"https:\\\/\\\/danvy.com\\\/?page_id=73\",\"name\":\"A propos de nous - Danvy Energy\",\"isPartOf\":{\"@id\":\"http:\\\/\\\/danvy.com\\\/#website\"},\"primaryImageOfPage\":{\"@id\":\"https:\\\/\\\/danvy.com\\\/?page_id=73#primaryimage\"},\"image\":{\"@id\":\"https:\\\/\\\/danvy.com\\\/?page_id=73#primaryimage\"},\"thumbnailUrl\":\"http:\\\/\\\/danvy.com\\\/wp-content\\\/uploads\\\/2026\\\/03\\\/Stock-1.jpeg\",\"datePublished\":\"2025-05-31T09:03:50+00:00\",\"dateModified\":\"2026-03-27T17:48:30+00:00\",\"breadcrumb\":{\"@id\":\"https:\\\/\\\/danvy.com\\\/?page_id=73#breadcrumb\"},\"inLanguage\":\"fr-FR\",\"potentialAction\":[{\"@type\":\"ReadAction\",\"target\":[\"https:\\\/\\\/danvy.com\\\/?page_id=73\"]}]},{\"@type\":\"ImageObject\",\"inLanguage\":\"fr-FR\",\"@id\":\"https:\\\/\\\/danvy.com\\\/?page_id=73#primaryimage\",\"url\":\"https:\\\/\\\/danvy.com\\\/wp-content\\\/uploads\\\/2026\\\/03\\\/Stock-1.jpeg\",\"contentUrl\":\"https:\\\/\\\/danvy.com\\\/wp-content\\\/uploads\\\/2026\\\/03\\\/Stock-1.jpeg\",\"width\":2048,\"height\":1536},{\"@type\":\"BreadcrumbList\",\"@id\":\"https:\\\/\\\/danvy.com\\\/?page_id=73#breadcrumb\",\"itemListElement\":[{\"@type\":\"ListItem\",\"position\":1,\"name\":\"Accueil\",\"item\":\"http:\\\/\\\/danvy.com\\\/\"},{\"@type\":\"ListItem\",\"position\":2,\"name\":\"A propos de nous\"}]},{\"@type\":\"WebSite\",\"@id\":\"http:\\\/\\\/danvy.com\\\/#website\",\"url\":\"http:\\\/\\\/danvy.com\\\/\",\"name\":\"Danvy Energy\",\"description\":\"Stockage d&#039;\u00e9nergie pour le futur et au del\u00e0 !\",\"publisher\":{\"@id\":\"http:\\\/\\\/danvy.com\\\/#organization\"},\"potentialAction\":[{\"@type\":\"SearchAction\",\"target\":{\"@type\":\"EntryPoint\",\"urlTemplate\":\"http:\\\/\\\/danvy.com\\\/?s={search_term_string}\"},\"query-input\":{\"@type\":\"PropertyValueSpecification\",\"valueRequired\":true,\"valueName\":\"search_term_string\"}}],\"inLanguage\":\"fr-FR\"},{\"@type\":\"Organization\",\"@id\":\"http:\\\/\\\/danvy.com\\\/#organization\",\"name\":\"Danvy Energy\",\"url\":\"http:\\\/\\\/danvy.com\\\/\",\"logo\":{\"@type\":\"ImageObject\",\"inLanguage\":\"fr-FR\",\"@id\":\"http:\\\/\\\/danvy.com\\\/#\\\/schema\\\/logo\\\/image\\\/\",\"url\":\"https:\\\/\\\/danvy.com\\\/wp-content\\\/uploads\\\/2025\\\/05\\\/Logo-DANVY-ENERGY.jpg\",\"contentUrl\":\"https:\\\/\\\/danvy.com\\\/wp-content\\\/uploads\\\/2025\\\/05\\\/Logo-DANVY-ENERGY.jpg\",\"width\":576,\"height\":571,\"caption\":\"Danvy Energy\"},\"image\":{\"@id\":\"http:\\\/\\\/danvy.com\\\/#\\\/schema\\\/logo\\\/image\\\/\"}}]}<\/script>\n<!-- \/ Yoast SEO plugin. -->","yoast_head_json":{"title":"A propos de nous - Danvy Energy","robots":{"index":"index","follow":"follow","max-snippet":"max-snippet:-1","max-image-preview":"max-image-preview:large","max-video-preview":"max-video-preview:-1"},"canonical":"https:\/\/danvy.com\/?page_id=73","og_locale":"fr_FR","og_type":"article","og_title":"A propos de nous - Danvy Energy","og_description":"Je m&rsquo;appelle Jean-Philippe Danvy et je mets \u00e0 profit plus de 30 ans d&rsquo;exp\u00e9rience dans les m\u00e9tiers de la domotique et de l\u2019installation d\u2019\u00e9quipements solaires. Apr\u00e8s avoir rencontr\u00e9 des probl\u00e8mes pour faire \u00e9voluer mon installation solaire avec les solutions de stockage du march\u00e9, j&rsquo;ai choisi d&rsquo;int\u00e9grer un groupement d&rsquo;achat. Par la suite, j&rsquo;ai d\u00e9cid\u00e9 de [&hellip;]","og_url":"https:\/\/danvy.com\/?page_id=73","og_site_name":"Danvy Energy","article_modified_time":"2026-03-27T17:48:30+00:00","og_image":[{"url":"http:\/\/danvy.com\/wp-content\/uploads\/2026\/03\/Stock-1.jpeg","type":"","width":"","height":""}],"twitter_card":"summary_large_image","twitter_misc":{"Dur\u00e9e de lecture estim\u00e9e":"2 minutes"},"schema":{"@context":"https:\/\/schema.org","@graph":[{"@type":"WebPage","@id":"https:\/\/danvy.com\/?page_id=73","url":"https:\/\/danvy.com\/?page_id=73","name":"A propos de nous - Danvy Energy","isPartOf":{"@id":"http:\/\/danvy.com\/#website"},"primaryImageOfPage":{"@id":"https:\/\/danvy.com\/?page_id=73#primaryimage"},"image":{"@id":"https:\/\/danvy.com\/?page_id=73#primaryimage"},"thumbnailUrl":"http:\/\/danvy.com\/wp-content\/uploads\/2026\/03\/Stock-1.jpeg","datePublished":"2025-05-31T09:03:50+00:00","dateModified":"2026-03-27T17:48:30+00:00","breadcrumb":{"@id":"https:\/\/danvy.com\/?page_id=73#breadcrumb"},"inLanguage":"fr-FR","potentialAction":[{"@type":"ReadAction","target":["https:\/\/danvy.com\/?page_id=73"]}]},{"@type":"ImageObject","inLanguage":"fr-FR","@id":"https:\/\/danvy.com\/?page_id=73#primaryimage","url":"https:\/\/danvy.com\/wp-content\/uploads\/2026\/03\/Stock-1.jpeg","contentUrl":"https:\/\/danvy.com\/wp-content\/uploads\/2026\/03\/Stock-1.jpeg","width":2048,"height":1536},{"@type":"BreadcrumbList","@id":"https:\/\/danvy.com\/?page_id=73#breadcrumb","itemListElement":[{"@type":"ListItem","position":1,"name":"Accueil","item":"http:\/\/danvy.com\/"},{"@type":"ListItem","position":2,"name":"A propos de nous"}]},{"@type":"WebSite","@id":"http:\/\/danvy.com\/#website","url":"http:\/\/danvy.com\/","name":"Danvy Energy","description":"Stockage d&#039;\u00e9nergie pour le futur et au del\u00e0 !","publisher":{"@id":"http:\/\/danvy.com\/#organization"},"potentialAction":[{"@type":"SearchAction","target":{"@type":"EntryPoint","urlTemplate":"http:\/\/danvy.com\/?s={search_term_string}"},"query-input":{"@type":"PropertyValueSpecification","valueRequired":true,"valueName":"search_term_string"}}],"inLanguage":"fr-FR"},{"@type":"Organization","@id":"http:\/\/danvy.com\/#organization","name":"Danvy Energy","url":"http:\/\/danvy.com\/","logo":{"@type":"ImageObject","inLanguage":"fr-FR","@id":"http:\/\/danvy.com\/#\/schema\/logo\/image\/","url":"https:\/\/danvy.com\/wp-content\/uploads\/2025\/05\/Logo-DANVY-ENERGY.jpg","contentUrl":"https:\/\/danvy.com\/wp-content\/uploads\/2025\/05\/Logo-DANVY-ENERGY.jpg","width":576,"height":571,"caption":"Danvy Energy"},"image":{"@id":"http:\/\/danvy.com\/#\/schema\/logo\/image\/"}}]}},"_links":{"self":[{"href":"https:\/\/danvy.com\/index.php?rest_route=\/wp\/v2\/pages\/73","targetHints":{"allow":["GET"]}}],"collection":[{"href":"https:\/\/danvy.com\/index.php?rest_route=\/wp\/v2\/pages"}],"about":[{"href":"https:\/\/danvy.com\/index.php?rest_route=\/wp\/v2\/types\/page"}],"author":[{"embeddable":true,"href":"https:\/\/danvy.com\/index.php?rest_route=\/wp\/v2\/users\/1"}],"replies":[{"embeddable":true,"href":"https:\/\/danvy.com\/index.php?rest_route=%2Fwp%2Fv2%2Fcomments&post=73"}],"version-history":[{"count":16,"href":"https:\/\/danvy.com\/index.php?rest_route=\/wp\/v2\/pages\/73\/revisions"}],"predecessor-version":[{"id":361,"href":"https:\/\/danvy.com\/index.php?rest_route=\/wp\/v2\/pages\/73\/revisions\/361"}],"wp:attachment":[{"href":"https:\/\/danvy.com\/index.php?rest_route=%2Fwp%2Fv2%2Fmedia&parent=73"}],"curies":[{"name":"wp","href":"https:\/\/api.w.org\/{rel}","templated":true}]}}